 = -m**3 - 32*m**2 + 43*m + 1279. What is a(-32)?
-97
Let r(w) = w**2 - w + 142. Determine r(-7).
198
Let x(t) = -2*t**2 + 3806*t - 3803. Calculate x(1).
1
Let p(o) = -65*o - 3052. Calculate p(-47).
3
Let t(z) = -6*z**2 + 519*z + 4542. Determine t(-8).
6
Let r(m) = m**3 - 58*m**2 + 13*m - 652. Give r(58).
102
Let d(v) = -v**2 - 96*v + 2005. Calculate d(-113).
84
Let p(c) = 20*c - 822. Calculate p(28).
-262
Let f(g) = -356*g - 4991. What is f(-14)?
-7
Let q(x) = x**3 - 17*x**2 - 192*x - 198. Calculate q(25).
2
Let g(q) = 34*q - 1202. Calculate g(35).
-12
Let k(m) = -3*m**3 + 8*m**2 + 98*m - 31. What is k(7)?
18
Let c(y) = -41*y - 158. Calculate c(0).
-158
Let s(u) = 3*u**3 - 17*u**2 - 6*u + 29. What is s(6)?
29
Let p(h) = -78*h - 15191. Determine p(-195).
19
Let n(q) = 2*q**2 + 84*q + 8. Give n(-42).
8
Let t(d) = 17*d**3 - d**2 - 15*d + 29. Give t(2).
131
Let i(r) = -r**3 - 77*r**2 + 73*r - 388. Calculate i(-78).
2
Let n(j) = -j**3 - 220*j**2 - 1487*j + 15. What is n(-7)?
-13
Let s(a) = 1690*a - 5064. What is s(3)?
6
Let w(p) = -p**3 + 17*p**2 - 2*p + 41. What is w(17)?
7
Let i(b) = -14*b + 552. Determine i(37).
34
Let s(i) = 3*i**3 - 13*i**2 - 57*i - 25. Give s(-3).
-52
Let u(i) = -i**2 - 40*i + 231. Determine u(-45).
6
Let f(v) = -17*v + 273. Give f(12).
69
Let o(n) = 109*n**2 - 8*n + 9. Calculate o(1).
110
Let t(m) = -2*m**2 + 28*m + 231. Determine t(19).
41
Let p(n) = -171*n - 1936. Calculate p(-13).
287
Let x(h) = -25*h**2 - h + 1. Give x(-2).
-97
Let b(f) = f**2 + 30*f + 128. Determine b(-22).
-48
Let p(y) = -y**3 - 9*y**2 - 5*y. Give p(-8).
-24
Let u(h) = -35*h**2 + 4*h - 2. What is u(3)?
-305
Let h(m) = -159*m + 5084. Give h(32).
-4
Let k(b) = -546*b + 47528. Calculate k(87).
26
Let y(z) = -z**3 - 111*z**2 + 575*z - 574. Give y(-116).
6
Let g(c) = c**2 + 295*c - 1157. Give g(4).
39
Let s(a) = 2*a**3 - 35*a**2 - 9*a + 440. What is s(17)?
-2
Let m(p) = 42*p + 1142. Determine m(-40).
-538
Let j(u) = -6*u**2 - 55*u - 52. Calculate j(-13).
-351
Let b(j) = 2262*j + 24897. Determine b(-11).
15
Let f(p) = -p**3 - 21*p**2 - 26*p - 165. What is f(-20)?
-45
Let u(c) = -c**3 + 17*c**2 + 273*c - 84. Determine u(27).
-3
Let t(w) = -w**2 - 9*w + 11. Calculate t(-10).
1
Let n(b) = -7*b**2 + 463*b + 86. Determine n(66).
152
Let l(m) = -m**2 + 26*m - 87. Determine l(6).
33
Let s(b) = 29*b**2 + 77*b + 152. What is s(-2)?
114
Let i(s) = -s**3 + s**2 - 5*s - 11. Calculate i(0).
-11
Let v(x) = -17*x**2 - 423*x + 58. Calculate v(-25).
8
Let j(v) = -19*v - 365. Give j(-14).
-99
Let o(r) = -947*r + 1879. Determine o(2).
-15
Let o(c) = 5*c - 66. Determine o(14).
4
Let c(f) = -13*f**2 - 457*f + 92. Give c(-34).
602
Let x(m) = m**2 + 21*m - 60. What is x(0)?
-60
Let h(l) = 24*l**2 + 6*l - 41. Give h(4).
367
Let x(k) = -7*k**3 + k**2 + 36*k + 34. Calculate x(-1).
6
Let o(d) = 757*d - 35564. What is o(47)?
15
Let w(n) = -6484*n**2 + 25939*n - 11. Calculate w(4).
1
Let r(q) = -2*q**3 - 72*q**2 + 82*q + 268. Calculate r(-37).
-28
Let f(j) = 3*j**3 - 94*j**2 - 62*j + 12. Calculate f(32).
76
Let w(d) = -34*d - 1407. Determine w(-41).
-13
Let h(d) = 237*d - 973. Calculate h(4).
-25
Let v(a) = -306*a + 1217. Calculate v(4).
-7
Let l(j) = -2*j**3 + 14*j**2 + 20*j - 17. Calculate l(8).
15
Let t(x) = -4*x**2 + 550*x - 7127. Calculate t(123).
7
Let h(y) = 2*y**3 - 16*y**2 - 64*y + 409. Determine h(9).
-5
Let n(i) = 2*i**3 - 147*i**2 + 490*i + 33. Calculate n(70).
33
Let n(k) = 2*k**3 + 2*k**2 - 35*k + 6. Determine n(4).
26
Let t(p) = p**2 + 9*p - 92. Give t(-17).
44
Let g(o) = -o**3 + 4*o**2 - 37*o + 53. Calculate g(2).
-13
Let j(q) = q**3 - 11*q**2 - 163*q + 10. What is j(-8)?
98
Let w(y) = y**2 - 26*y + 134. Give w(28).
190
Let i(r) = r**2 + 136*r + 3726. Calculate i(-98).
2
Let g(s) = -s**2 + 37*s + 356. Determine g(43).
98
Let g(r) = -r**3 + 27*r**2 + 209*r - 371. What is g(33)?
-8
Let l(d) = -65*d + 2474. Give l(38).
4
Let r(l) = -3*l - 59. What is r(15)?
-104
Let f(h) = -h**3 + 39*h**2 + 123*h + 74. Determine f(42).
-52
Let w(b) = 20*b**3 + 85*b**2 + 13*b + 14. Calculate w(-4).
42
Let l(k) = 3*k + 30. Give l(-8).
6
Let o(h) = -h**2 - 13*h + 130. Calculate o(-24).
-134
Let i(h) = 23*h - 307. Determine i(35).
498
Let s(j) = -j**2 - 61*j - 804. Determine s(-18).
-30
Let s(n) = -40*n - 670. Calculate s(-16).
-30
Let y(j) = -j**3 - 2*j**2 + 15*j + 6. What is y(4)?
-30
Let h(i) = 15*i**2 - 142*i + 142. What is h(1)?
15
Let j(q) = 3227*q - 141988. Calculate j(44).
0
Let a(f) = -f**2 - 416*f + 32905. Calculate a(68).
-7
Let v(h) = -222*h - 1594. Determine v(-12).
1070
Let r(p) = 3*p**3 - 15*p**2 + 13*p + 24. What is r(6)?
210
Let i(v) = v**3 - 10*v**2 + 28*v - 104. What is i(9)?
67
Let y(n) = -3*n**3 - 37*n**2 + 97*n + 1676. Calculate y(-10).
6
Let t(q) = q**2 - 11*q - 1224. Calculate t(-30).
6
Let v(r) = 18*r**2 - 155*r + 85. Give v(8).
-3
Let r(h) = 2497*h - 32464. What is r(13)?
-3
Let m(i) = 34*i - 99. Determine m(5).
71
Let i(k) = -k**3 - 55*k**2 + 122*k + 458. What is i(-57)?
2
Let k(w) = -498*w + 4330. Give k(9).
-152
Let h(o) = o**2 + 12*o + 5. What is h(-3)?
-22
Let w(q) = -2*q**3 + 16*q**2 + 66*q - 3. Give w(11).
-3
Let n(a) = -58*a - 378. Give n(-22).
898
Let o(a) = -94*a - 6754. What is o(-72)?
14
Let z(h) = -385*h**2 - 1145*h + 42. Give z(-3).
12
Let z(k) = -166*k - 711. Determine z(-4).
-47
Let p(t) = 22*t**2 + 418*t + 17. Determine p(-19).
17
Let s(a) = -a**2 + 15*a + 136. Determine s(-7).
-18
Let c(w) = 84*w + 328. Give c(-4).
-8
Let h(v) = 822*v + 831. Give h(-1).
9
Let a(i) = 4156*i - 37409. Determine a(9).
-5
Let k(j) = 78*j - 2011. Calculate k(27).
95
Let d(v) = 937*v - 38420. Calculate d(41).
-3
Let g(f) = 3*f**2 + 38*f + 25. Determine g(0).
25
Let b(d) = d**2 - 14*d - 66. Give b(18).
6
Let w(p) = -p**3 - 56*p**2 - 102*p - 63. What is w(-54)?
-387
Let t(j) = -7*j + 62. Determine t(31).
-155
Let t(b) = -24*b + 459. Give t(20).
-21
Let s(o) = o**3 - 6*o**2 + 79*o - 404. Determine s(5).
-34
Let v(o) = -7*o**2 - 15*o - 8. What is v(-4)?
-60
Let c(s) = -7*s**2 - 232*s - 1544. What is c(-9)?
-23
Let x(n) = -53*n + 2497. What is x(48)?
-47
Let t(b) = -2250*b + 11232. Give t(5).
-18
Let c(q) = -155*q + 53775. Calculate c(347).
-10
Let z(w) = -w**3 - 56*w**2 - 191*w + 881. What is z(-52)?
-3
Let p(w) = -w**3 + 49*w**2 - 135*w - 123. Determine p(46).
15
Let d(t) = t**3 + 23*t**2 - 37*t + 103. What is d(-25)?
-222
Let x(n) = 2*n**2 - 99*n - 362. Give x(53).
9
Let l(x) = 104*x - 122. What is l(-2)?
-330
Let n(m) = 22*m**2 - 566*m - 161. Calculate n(26).
-5
Let x(i) = i**3 - 28*i**2 + 73*i + 96. Calculate x(25).
46
Let c(q) = -q**3 - 4*q**2 + 8*q + 76. Calculate c(-8).
268
Let x(v) = 140*v - 2669. What is x(19)?
-9
Let w(a) = -223*a - 27. Calculate w(0).
-27
Let u(s) = s**3 - 9*s**2 - 111*s + 18. What is u(16)?
34
Let r(m) = -4*m**2 - 14*m - 23. What is r(-6)?
-83
Let t(a) = a + 82. Determine t(10).
92
Let f(v) = -54*v**3 + 3*v**2 + 4*v. What is f(-1)?
53
Let n(g) = 7*g**3 - g**2 - 4*g - 12. What is n(-2)?
-64
Let s(m) = m**2 - 33*m - 313. Give s(38).
-123
Let l(u) = -u**2 + 141*u + 3233. Give l(-20).
13
Let k(d) = 3*d**2 + 46*d - 25. Give k(-16).
7
Let o(v) = -25*v + 9. Calculate o(-5).
134
Let v(r) = r**3 - 28*r**2 + 133*r - 86. Give v(22).
-64
Let y(k) = 34*k - 2072. What is y(62)?
36
Let l(j) = -191*j - 1514. Determine l(-8).
14
Let a(z) = 2*z**2 + 234*z - 6124. Calculate a(-139).
-8
Let k(x) = -x**3 - 2*x**2 - 4*x - 43. Give k(-6).
125
Let m(d) = 2*d**3 + 19*d**2 + 7*d - 15. What is m(-9)?
3
Let n(s) = s**2 - 90*s + 2026. Calculate n(45).
1
Let v(a) = -a**3 - 46*a**2 + 86*a - 61. What is v(-48)?
419
Let u(f) = -44*f + 450. Calculate u(10).
10
Let t(a) = -9*a - 131. Determine t(-17).
22
Let k(d) = -26*d - 699. Calculate k(-33).
159
Let a(k) = -2*k**3 + 31*k**2 + 51*k + 16. What is a(17)?
16
Let u(a) = a**2 - 57*a - 139. Give u(60).
41
Let m(h) = -2*h**2 + 29*h + 11. Determine m(16).
-37
Let v(k) = k**3 - 32*k**2 + 11*k - 1. Determine v(0).
-1
Let c(w) = -w**2 - 5*w + 154. What is c(-15)?
4
Let t(l) = l**2 + 49*l + 195. Give t(-45).
15
Let k(c) = c**2 - 17*c - 1731. Calculate k(-34).
3
Let a(u) = 117*u**2 + 5*u - 4. Give a(1).
118
Let v(y) = -y**3 + 15*y**2 + 57*y - 66. What is v(18)?
-12
Let r(k) = -k**3 + 16*k**2 + 26*k + 124. Determine r(18).
-56
Let k(h) = -